{"id":101,"date":"2020-11-15T15:32:21","date_gmt":"2020-11-15T15:32:21","guid":{"rendered":"http:\/\/www.blogsmenesiano.com\/montamoselbelen\/?page_id=101"},"modified":"2020-12-08T23:53:22","modified_gmt":"2020-12-08T23:53:22","slug":"la-anunciacion-a-maria","status":"publish","type":"page","link":"http:\/\/www.blogsmenesiano.com\/montamoselbelen\/escenas\/la-anunciacion-a-maria\/","title":{"rendered":"La Anunciaci\u00f3n a Mar\u00eda"},"content":{"rendered":"<h1 style=\"text-align: center\"><strong><span style=\"color: #0000ff\">LA ANUNCIACI\u00d3N A MAR\u00cdA<\/span><\/strong><\/h1>\n<p style=\"text-align: center\"><iframe loading=\"lazy\" src=\"https:\/\/drive.google.com\/file\/d\/1Kmima_3Ecq1EyFL-XLM-y_k7PdENasd_\/preview\" width=\"450\" height=\"250\"><span data-mce-type=\"bookmark\" style=\"width: 0px;overflow: hidden;line-height: 0\" class=\"mce_SELRES_start\">\ufeff<\/span><\/iframe><\/p>\n<h1 style=\"text-align: center\">EVANGELIO (Lc 1, 26-35)\u00a0 Lectura: H\u00ba Ra\u00fal Blanco<\/h1>\n<p style=\"text-align: center\"><img loading=\"lazy\" class=\"alignnone wp-image-513 size-full\" style=\"border: 0px\" src=\"http:\/\/www.blogsmenesiano.com\/montamoselbelen\/wp-content\/uploads\/sites\/29\/2020\/12\/Sabias-que-la-anunciacion.jpg\" alt=\"\" width=\"730\" height=\"804\" srcset=\"http:\/\/www.blogsmenesiano.com\/montamoselbelen\/wp-content\/uploads\/sites\/29\/2020\/12\/Sabias-que-la-anunciacion.jpg 730w, http:\/\/www.blogsmenesiano.com\/montamoselbelen\/wp-content\/uploads\/sites\/29\/2020\/12\/Sabias-que-la-anunciacion-272x300.jpg 272w\" sizes=\"(max-width: 730px) 100vw, 730px\" \/><\/p>\n<hr \/>\n<p dir=\"ltr\" style=\"text-align: center\"><strong>VISITA NAZARET Y SU BAS\u00cdLICA.\u00a0 EL LUGAR DONDE ANUNCI\u00d3 EL \u00c1NGEL GABRIEL A MAR\u00cdA QUE IBA A SER LA MADRE DE JES\u00daS<\/strong><\/p>\n<p dir=\"ltr\" style=\"text-align: center\"><div id=\"metaslider-id-176\" style=\"width: 100%;\" class=\"ml-slider-3-27-8 metaslider metaslider-flex metaslider-176 ml-slider\">\n    <div id=\"metaslider_container_176\">\n        <div id=\"metaslider_176\">\n            <ul aria-live=\"polite\" class=\"slides\">\n                <li style=\"display: block; width: 100%;\" class=\"slide-474 ms-image\"><img src=\"http:\/\/www.blogsmenesiano.com\/montamoselbelen\/wp-content\/uploads\/sites\/29\/2020\/11\/1-Nazaret-1-400x171.jpg\" height=\"300\" width=\"700\" alt=\"\" class=\"slider-176 slide-474\" title=\"1 Nazaret 1\" \/><\/li>\n                <li style=\"display: none; width: 100%;\" class=\"slide-475 ms-image\"><img src=\"http:\/\/www.blogsmenesiano.com\/montamoselbelen\/wp-content\/uploads\/sites\/29\/2020\/11\/2-Nazaret-2-400x171.jpg\" height=\"300\" width=\"700\" alt=\"\" class=\"slider-176 slide-475\" title=\"2 Nazaret 2\" \/><\/li>\n                <li style=\"display: none; width: 100%;\" class=\"slide-476 ms-image\"><img src=\"http:\/\/www.blogsmenesiano.com\/montamoselbelen\/wp-content\/uploads\/sites\/29\/2020\/11\/3-Nazaret-400x171.jpg\" height=\"300\" width=\"700\" alt=\"\" class=\"slider-176 slide-476\" title=\"3 Nazaret\" \/><\/li>\n                <li style=\"display: none; width: 100%;\" class=\"slide-477 ms-image\"><img src=\"http:\/\/www.blogsmenesiano.com\/montamoselbelen\/wp-content\/uploads\/sites\/29\/2020\/11\/4-bASILICA-DE-LA-ANUNCIACION-2-700x300.jpg\" height=\"300\" width=\"700\" alt=\"\" class=\"slider-176 slide-477\" title=\"4 bASILICA DE LA ANUNCIACION 2\" \/><\/li>\n                <li style=\"display: none; width: 100%;\" class=\"slide-478 ms-image\"><img src=\"http:\/\/www.blogsmenesiano.com\/montamoselbelen\/wp-content\/uploads\/sites\/29\/2020\/11\/5-bASILICA-DE-LA-ANUNCIACION-3-700x300.jpg\" height=\"300\" width=\"700\" alt=\"\" class=\"slider-176 slide-478\" title=\"5 bASILICA DE LA ANUNCIACION 3\" \/><\/li>\n                <li style=\"display: none; width: 100%;\" class=\"slide-479 ms-image\"><img src=\"http:\/\/www.blogsmenesiano.com\/montamoselbelen\/wp-content\/uploads\/sites\/29\/2020\/11\/bASILICA-DE-LA-ANUNCIACION-4-270x115.jpg\" height=\"300\" width=\"700\" alt=\"\" class=\"slider-176 slide-479\" title=\"bASILICA DE LA ANUNCIACION 4\" \/><\/li>\n                <li style=\"display: none; width: 100%;\" class=\"slide-480 ms-image\"><img src=\"http:\/\/www.blogsmenesiano.com\/montamoselbelen\/wp-content\/uploads\/sites\/29\/2020\/11\/bASILICA-DE-LA-ANUNCIACION-273x116.png\" height=\"300\" width=\"700\" alt=\"\" class=\"slider-176 slide-480\" title=\"bASILICA DE LA ANUNCIACION\" \/><\/li>\n            <\/ul>\n        <\/div>\n        \n    <\/div>\n<\/div><\/p>\n<hr \/>\n<h2>PALESTINA ESTABA DIVIDIDA EN TRES GRANDES REGIONES:<\/h2>\n<p dir=\"ltr\" style=\"text-align: left\"><strong><img loading=\"lazy\" class=\"size-medium wp-image-657 alignleft\" style=\"border: 0px\" src=\"http:\/\/www.blogsmenesiano.com\/montamoselbelen\/wp-content\/uploads\/sites\/29\/2020\/12\/MAPA-PALESTINA-DEFINITIVO-210x300.jpg\" alt=\"\" width=\"210\" height=\"300\" srcset=\"http:\/\/www.blogsmenesiano.com\/montamoselbelen\/wp-content\/uploads\/sites\/29\/2020\/12\/MAPA-PALESTINA-DEFINITIVO-210x300.jpg 210w, http:\/\/www.blogsmenesiano.com\/montamoselbelen\/wp-content\/uploads\/sites\/29\/2020\/12\/MAPA-PALESTINA-DEFINITIVO-717x1024.jpg 717w, http:\/\/www.blogsmenesiano.com\/montamoselbelen\/wp-content\/uploads\/sites\/29\/2020\/12\/MAPA-PALESTINA-DEFINITIVO-768x1097.jpg 768w, http:\/\/www.blogsmenesiano.com\/montamoselbelen\/wp-content\/uploads\/sites\/29\/2020\/12\/MAPA-PALESTINA-DEFINITIVO-1075x1536.jpg 1075w, http:\/\/www.blogsmenesiano.com\/montamoselbelen\/wp-content\/uploads\/sites\/29\/2020\/12\/MAPA-PALESTINA-DEFINITIVO-1434x2048.jpg 1434w, http:\/\/www.blogsmenesiano.com\/montamoselbelen\/wp-content\/uploads\/sites\/29\/2020\/12\/MAPA-PALESTINA-DEFINITIVO-scaled.jpg 1792w\" sizes=\"(max-width: 210px) 100vw, 210px\" \/>GALILEA<\/strong> .- Donde se encuentra Nazaret.<\/p>\n<p dir=\"ltr\" style=\"text-align: left\"><strong>SAMAR\u00cdA<\/strong>.- Sus habitantes eran en su mayor\u00eda extranjeros y hab\u00eda pocos jud\u00edos. No era una zona que atravesara para ir de Galilea a Judea.<\/p>\n<p dir=\"ltr\" style=\"text-align: justify\"><strong>JUDEA<\/strong>.- Donde se encuentra la capital, Jerusal\u00e9n. En sus montes se localiza Ain Karem a pocos km de la capital, donde viv\u00eda Isabel, la prima de Mar\u00eda y Bel\u00e9n, lugar de procedencia familiar de Jos\u00e9 y donde naci\u00f3 Jes\u00fas<\/p>\n","protected":false},"excerpt":{"rendered":"<p>LA ANUNCIACI\u00d3N A MAR\u00cdA \ufeff EVANGELIO (Lc 1, 26-35)\u00a0 Lectura: H\u00ba Ra\u00fal Blanco VISITA NAZARET Y SU BAS\u00cdLICA.\u00a0 EL LUGAR DONDE ANUNCI\u00d3 EL \u00c1NGEL GABRIEL A MAR\u00cdA QUE IBA A SER LA MADRE DE JES\u00daS PALESTINA ESTABA DIVIDIDA EN TRES &hellip; <a href=\"http:\/\/www.blogsmenesiano.com\/montamoselbelen\/escenas\/la-anunciacion-a-maria\/\">Sigue leyendo <span class=\"meta-nav\">&rarr;<\/span><\/a><\/p>\n","protected":false},"author":74,"featured_media":0,"parent":14,"menu_order":1,"comment_status":"closed","ping_status":"closed","template":"showcase.php","meta":[],"_links":{"self":[{"href":"http:\/\/www.blogsmenesiano.com\/montamoselbelen\/wp-json\/wp\/v2\/pages\/101"}],"collection":[{"href":"http:\/\/www.blogsmenesiano.com\/montamoselbelen\/wp-json\/wp\/v2\/pages"}],"about":[{"href":"http:\/\/www.blogsmenesiano.com\/montamoselbelen\/wp-json\/wp\/v2\/types\/page"}],"author":[{"embeddable":true,"href":"http:\/\/www.blogsmenesiano.com\/montamoselbelen\/wp-json\/wp\/v2\/users\/74"}],"replies":[{"embeddable":true,"href":"http:\/\/www.blogsmenesiano.com\/montamoselbelen\/wp-json\/wp\/v2\/comments?post=101"}],"version-history":[{"count":19,"href":"http:\/\/www.blogsmenesiano.com\/montamoselbelen\/wp-json\/wp\/v2\/pages\/101\/revisions"}],"predecessor-version":[{"id":660,"href":"http:\/\/www.blogsmenesiano.com\/montamoselbelen\/wp-json\/wp\/v2\/pages\/101\/revisions\/660"}],"up":[{"embeddable":true,"href":"http:\/\/www.blogsmenesiano.com\/montamoselbelen\/wp-json\/wp\/v2\/pages\/14"}],"wp:attachment":[{"href":"http:\/\/www.blogsmenesiano.com\/montamoselbelen\/wp-json\/wp\/v2\/media?parent=101"}],"curies":[{"name":"wp","href":"https:\/\/api.w.org\/{rel}","templated":true}]}}