{"id":109,"date":"2020-11-15T15:36:32","date_gmt":"2020-11-15T15:36:32","guid":{"rendered":"http:\/\/www.blogsmenesiano.com\/montamoselbelen\/?page_id=109"},"modified":"2020-12-08T16:32:57","modified_gmt":"2020-12-08T16:32:57","slug":"el-nacimiento-de-jesus","status":"publish","type":"page","link":"http:\/\/www.blogsmenesiano.com\/montamoselbelen\/escenas\/el-nacimiento-de-jesus\/","title":{"rendered":"El Nacimiento de Jes\u00fas"},"content":{"rendered":"<h1 style=\"text-align: center\"><span style=\"color: #0000ff\">EL NACIMIENTO DE JES\u00daS<\/span><\/h1>\n<p style=\"text-align: center\"><iframe loading=\"lazy\" src=\"https:\/\/drive.google.com\/file\/d\/1L8YnBbJp1hbWxi_uJEqK-V3RJXnZ3V83\/preview\" width=\"450\" height=\"250\"><span data-mce-type=\"bookmark\" style=\"width: 0px;overflow: hidden;line-height: 0\" class=\"mce_SELRES_start\">\ufeff<\/span><\/iframe><\/p>\n<p dir=\"ltr\" style=\"text-align: center\"><strong>EVANGELIO (Lc 2,6-7)\u00a0 Lectura: H\u00ba \u00c1ngel Herrero<\/strong><\/p>\n<h1 style=\"text-align: center\"><span style=\"color: #0000ff\">LA ADORACI\u00d3N DE LOS PASTORES<\/span><\/h1>\n<p style=\"text-align: center\"><iframe loading=\"lazy\" src=\"https:\/\/drive.google.com\/file\/d\/1Ky0MJyjSReHC3uY40Nv4ui4SsujVkSAJ\/preview\" width=\"450\" height=\"250\"><span data-mce-type=\"bookmark\" style=\"width: 0px;overflow: hidden;line-height: 0\" class=\"mce_SELRES_start\">\ufeff<\/span><\/iframe><\/p>\n<p dir=\"ltr\" style=\"text-align: center\"><strong>EVANGELIO (Lc 2, 15-20)\u00a0 Lectura: Mar\u00eda Ibarra<\/strong><\/p>\n<p dir=\"ltr\" style=\"text-align: center\"><img loading=\"lazy\" class=\"alignnone wp-image-514 size-full\" style=\"border: 0px\" src=\"http:\/\/www.blogsmenesiano.com\/montamoselbelen\/wp-content\/uploads\/sites\/29\/2020\/12\/sabias-que-Jesus.jpg\" alt=\"\" width=\"760\" height=\"790\" srcset=\"http:\/\/www.blogsmenesiano.com\/montamoselbelen\/wp-content\/uploads\/sites\/29\/2020\/12\/sabias-que-Jesus.jpg 760w, http:\/\/www.blogsmenesiano.com\/montamoselbelen\/wp-content\/uploads\/sites\/29\/2020\/12\/sabias-que-Jesus-289x300.jpg 289w\" sizes=\"(max-width: 760px) 100vw, 760px\" \/><\/p>\n<h1 style=\"text-align: center;color: blue\">VISITA LA BAS\u00cdLICA DE LA ANUNCIACI\u00d3N EN EL BEL\u00c9N ACTUAL<\/h1>\n<h1 style=\"text-align: center;color: blue\"><iframe loading=\"lazy\" src=\"https:\/\/drive.google.com\/file\/d\/1hdhC062wRyF1nfCmM69PUtloqgzvwYEE\/preview\" width=\"400\" height=\"280\"><span data-mce-type=\"bookmark\" style=\"width: 0px;overflow: hidden;line-height: 0\" class=\"mce_SELRES_start\">\ufeff<\/span><\/iframe><\/h1>\n","protected":false},"excerpt":{"rendered":"<p>EL NACIMIENTO DE JES\u00daS \ufeff EVANGELIO (Lc 2,6-7)\u00a0 Lectura: H\u00ba \u00c1ngel Herrero LA ADORACI\u00d3N DE LOS PASTORES \ufeff EVANGELIO (Lc 2, 15-20)\u00a0 Lectura: Mar\u00eda Ibarra VISITA LA BAS\u00cdLICA DE LA ANUNCIACI\u00d3N EN EL BEL\u00c9N ACTUAL \ufeff<\/p>\n","protected":false},"author":74,"featured_media":0,"parent":14,"menu_order":5,"comment_status":"closed","ping_status":"closed","template":"showcase.php","meta":[],"_links":{"self":[{"href":"http:\/\/www.blogsmenesiano.com\/montamoselbelen\/wp-json\/wp\/v2\/pages\/109"}],"collection":[{"href":"http:\/\/www.blogsmenesiano.com\/montamoselbelen\/wp-json\/wp\/v2\/pages"}],"about":[{"href":"http:\/\/www.blogsmenesiano.com\/montamoselbelen\/wp-json\/wp\/v2\/types\/page"}],"author":[{"embeddable":true,"href":"http:\/\/www.blogsmenesiano.com\/montamoselbelen\/wp-json\/wp\/v2\/users\/74"}],"replies":[{"embeddable":true,"href":"http:\/\/www.blogsmenesiano.com\/montamoselbelen\/wp-json\/wp\/v2\/comments?post=109"}],"version-history":[{"count":15,"href":"http:\/\/www.blogsmenesiano.com\/montamoselbelen\/wp-json\/wp\/v2\/pages\/109\/revisions"}],"predecessor-version":[{"id":572,"href":"http:\/\/www.blogsmenesiano.com\/montamoselbelen\/wp-json\/wp\/v2\/pages\/109\/revisions\/572"}],"up":[{"embeddable":true,"href":"http:\/\/www.blogsmenesiano.com\/montamoselbelen\/wp-json\/wp\/v2\/pages\/14"}],"wp:attachment":[{"href":"http:\/\/www.blogsmenesiano.com\/montamoselbelen\/wp-json\/wp\/v2\/media?parent=109"}],"curies":[{"name":"wp","href":"https:\/\/api.w.org\/{rel}","templated":true}]}}

El Nacimiento de Jesús

<h1 style="text-align: center"><span style="color: #0000ff">EL NACIMIENTO DE JESÚS</span></h1>
<p style="text-align: center"><iframe loading="lazy" src="https://drive.google.com/file/d/1L8YnBbJp1hbWxi_uJEqK-V3RJXnZ3V83/preview" width="450" height="250"><span data-mce-type="bookmark" style="width: 0px;overflow: hidden;line-height: 0" class="mce_SELRES_start">﻿</span></iframe></p>
<p dir="ltr" style="text-align: center"><strong>EVANGELIO (Lc 2,6-7)  Lectura: Hº Ángel Herrero</strong></p>
<h1 style="text-align: center"><span style="color: #0000ff">LA ADORACIÓN DE LOS PASTORES</span></h1>
<p style="text-align: center"><iframe loading="lazy" src="https://drive.google.com/file/d/1Ky0MJyjSReHC3uY40Nv4ui4SsujVkSAJ/preview" width="450" height="250"><span data-mce-type="bookmark" style="width: 0px;overflow: hidden;line-height: 0" class="mce_SELRES_start">﻿</span></iframe></p>
<p dir="ltr" style="text-align: center"><strong>EVANGELIO (Lc 2, 15-20)  Lectura: María Ibarra</strong></p>
<p dir="ltr" style="text-align: center"><img loading="lazy" class="alignnone wp-image-514 size-full" style="border: 0px" src="http://www.blogsmenesiano.com/montamoselbelen/wp-content/uploads/sites/29/2020/12/sabias-que-Jesus.jpg" alt="" width="760" height="790" srcset="http://www.blogsmenesiano.com/montamoselbelen/wp-content/uploads/sites/29/2020/12/sabias-que-Jesus.jpg 760w, http://www.blogsmenesiano.com/montamoselbelen/wp-content/uploads/sites/29/2020/12/sabias-que-Jesus-289x300.jpg 289w" sizes="(max-width: 760px) 100vw, 760px" /></p>
<h1 style="text-align: center;color: blue">VISITA LA BASÍLICA DE LA ANUNCIACIÓN EN EL BELÉN ACTUAL</h1>
<h1 style="text-align: center;color: blue"><iframe loading="lazy" src="https://drive.google.com/file/d/1hdhC062wRyF1nfCmM69PUtloqgzvwYEE/preview" width="400" height="280"><span data-mce-type="bookmark" style="width: 0px;overflow: hidden;line-height: 0" class="mce_SELRES_start">﻿</span></iframe></h1>

<p>EL NACIMIENTO DE JESÚS ﻿ EVANGELIO (Lc 2,6-7)  Lectura: Hº Ángel Herrero LA ADORACIÓN DE LOS PASTORES ﻿ EVANGELIO (Lc 2, 15-20)  Lectura: María Ibarra VISITA LA BASÍLICA DE LA ANUNCIACIÓN EN EL BELÉN ACTUAL ﻿</p>
