{"id":404,"date":"2020-11-26T14:30:04","date_gmt":"2020-11-26T14:30:04","guid":{"rendered":"http:\/\/www.blogsmenesiano.com\/montamoselbelen\/?page_id=404"},"modified":"2025-12-09T15:59:51","modified_gmt":"2025-12-09T15:59:51","slug":"nuestrobelen","status":"publish","type":"page","link":"http:\/\/www.blogsmenesiano.com\/montamoselbelen\/historia-del-belen\/nuestrobelen\/","title":{"rendered":"\u00bfC\u00f3mo se hace?"},"content":{"rendered":"<p style=\"text-align: justify\">Hace ya 10 a\u00f1os que comenzamos esta andadura con gran ilusi\u00f3n. Fue Alberto Olmo qui\u00e9n nos uni\u00f3 en esta aventura y as\u00ed, Paulino Gonz\u00e1lez y yo cogimos el guante y continuamos con este proyecto, siempre con el apoyo incondicional de Olaya I. Serna, actualmente y de Ana Virosta y M\u00aa del Mar Calzado en sus etapas como directoras del centro..<\/p>\n<p style=\"text-align: left\">Este a\u00f1o, como siempre hemos incorporados nuevas figuras, nuevas construcciones y\u00a0 detalles para que cada a\u00f1o sea un bel\u00e9n diferente. Es muy gratificante que los peques y mayores est\u00e9n expectantes ante la llegada de la Navidad para descubrir a sus personajes preferidos y a aquellos que no esperaban ver entre las escenas.<\/p>\n<p>Y aunque el resultado se disfruta apenas 15 d\u00edas, trabajamos en \u00e9l casi un a\u00f1o entero. Nada m\u00e1s terminar, ya tenemos en nuestra cabeza como puede quedar esto puesto, aqu\u00ed o all\u00e1.<\/p>\n<p style=\"text-align: justify\">Os contamos un poquito de como se hace:<\/p>\n<p style=\"text-align: center\"><img loading=\"lazy\" class=\"alignnone wp-image-434 size-full\" style=\"border: 0px\" src=\"http:\/\/www.blogsmenesiano.com\/montamoselbelen\/wp-content\/uploads\/sites\/29\/2020\/11\/figuras.jpg\" alt=\"\" width=\"741\" height=\"778\" srcset=\"http:\/\/www.blogsmenesiano.com\/montamoselbelen\/wp-content\/uploads\/sites\/29\/2020\/11\/figuras.jpg 741w, http:\/\/www.blogsmenesiano.com\/montamoselbelen\/wp-content\/uploads\/sites\/29\/2020\/11\/figuras-286x300.jpg 286w\" sizes=\"(max-width: 741px) 100vw, 741px\" \/><\/p>\n<p><img loading=\"lazy\" class=\"aligncenter wp-image-433 size-full\" style=\"border: 0px\" src=\"http:\/\/www.blogsmenesiano.com\/montamoselbelen\/wp-content\/uploads\/sites\/29\/2020\/11\/construcciones-y-corcho.jpg\" alt=\"\" width=\"708\" height=\"807\" srcset=\"http:\/\/www.blogsmenesiano.com\/montamoselbelen\/wp-content\/uploads\/sites\/29\/2020\/11\/construcciones-y-corcho.jpg 708w, http:\/\/www.blogsmenesiano.com\/montamoselbelen\/wp-content\/uploads\/sites\/29\/2020\/11\/construcciones-y-corcho-263x300.jpg 263w\" sizes=\"(max-width: 708px) 100vw, 708px\" \/><\/p>\n<p style=\"text-align: center\"><img loading=\"lazy\" class=\"wp-image-435 size-full aligncenter\" style=\"border: 0px\" src=\"http:\/\/www.blogsmenesiano.com\/montamoselbelen\/wp-content\/uploads\/sites\/29\/2020\/11\/Vegetacion.jpg\" alt=\"\" width=\"708\" height=\"824\" srcset=\"http:\/\/www.blogsmenesiano.com\/montamoselbelen\/wp-content\/uploads\/sites\/29\/2020\/11\/Vegetacion.jpg 708w, http:\/\/www.blogsmenesiano.com\/montamoselbelen\/wp-content\/uploads\/sites\/29\/2020\/11\/Vegetacion-258x300.jpg 258w\" sizes=\"(max-width: 708px) 100vw, 708px\" \/><\/p>\n<p style=\"text-align: center\"><iframe loading=\"lazy\" src=\"https:\/\/drive.google.com\/file\/d\/1_efIPDLreIgsBPgwULK_vmSdGVTlKylU\/preview\" width=\"450\" height=\"250\"><\/iframe><\/p>\n<h3 style=\"text-align: center\"><strong>Video del montaje de 2022<\/strong><\/h3>\n<h3 style=\"text-align: center\"><strong>(MEDALLA DE PLATA EN EL XLLL CONCURSO DE NACIMIENTOS DE LA ASOCIACI\u00d3N DE BELENISTAS DE MADRID)<\/strong><\/h3>\n<p>&nbsp;<\/p>\n<p style=\"text-align: center\"><iframe loading=\"lazy\" src=\"https:\/\/drive.google.com\/file\/d\/1r-SV8px2YF88--UJ1r8rP_BxGX7F53sM\/preview\" width=\"450\" height=\"250\"><span data-mce-type=\"bookmark\" style=\"width: 0px;overflow: hidden;line-height: 0\" class=\"mce_SELRES_start\">\ufeff<\/span><\/iframe><\/p>\n<h3 style=\"text-align: center\"><strong>Video del montaje de 2019<\/strong><\/h3>\n<p>&nbsp;<\/p>\n<p style=\"text-align: justify\">Y aunque, no os lo cre\u00e1is, tambi\u00e9n hace falta unas horitas de estudio. Cada una de las escenas est\u00e1n concienzudamente estudiadas, pues el bel\u00e9n del cole es hist\u00f3rico , es decir, refleja la vida como era en tiempos de Jes\u00fas. Y aunque, nos permitimos algunas licencias para que sea m\u00e1s atractivo a la vista, se intenta representar lo m\u00e1s fielmente lo que los libros sagrados y la historia nos cuentan de esa \u00e9poca.<\/p>\n<p style=\"text-align: justify\">Ya conoc\u00e9is un poquito m\u00e1s del Bel\u00e9n del Colegio Menesiano.<\/p>\n<p style=\"text-align: justify\">El Hermano Paulino Gonz\u00e1lez y yo, no queremos dejar de agradecer a los que hacen posible este bel\u00e9n. Gracias, al Colegio, a la AMPA, a Olaya I Serna como directora, a los Hermanos que conf\u00edan en nuestro criterio, a Formaci\u00f3n para el Empleo que todos los a\u00f1os nos proporcionan del musgo y a los colaboradores de los montajes. Colaboradores de 2025: Ramona Garc\u00eda, por su aportaci\u00f3n en la recogida de la arena y a sus ideas para su conservaci\u00f3n, Ricardo Garc\u00eda,\u00a0 que, aunque ya est\u00e1 jubilado, no ha fallado a su cita para el transporte de los materiales m\u00e1s pesados. M\u00f3nica Fossoul y familia que han viajado con una saca de corcho bornizo m\u00e1s de 600 kil\u00f3metros para que tuvi\u00e9ramos corcho suficiente para subir un poquito m\u00e1s alto las monta\u00f1as. Colaboradores de 2024: Edesio Guti\u00e9rrez (transporte de arena y materiales pesados) M\u00f3nica Fossoul, y Gema Calder\u00f3n (pictogramas para accesibilidad del Bel\u00e9n para el aula de las mariposas y koalas), Isabel Mart\u00ednez (que nos consigui\u00f3 los pal\u00e9s, tan importantes, que sin ellos no hubiera sido posible montar el bel\u00e9n este a\u00f1o) e In\u00e9s S\u00e1nchez(pr\u00e9stamo de figuras para realizar moldes y as\u00ed conseguir figuras nuevas). Colaboradores de 2023: Daniel Mart\u00edn(montaje), Daniel Pardo(montaje), In\u00e9s S\u00e1nchez(resina), Lola Balseiro y Ramona Garc\u00eda (r\u00edo y agua), Tamara Gavilanes(Celaje), Edesio Guti\u00e9rrez (Bomba de agua), Alberto Pardo(montaje), Anabel L\u00f3pez(montaje). Colaboraciones de otros a\u00f1os, Gloria (ONCE) que nos facilit\u00f3 los carteles en braille y a los padres que hicieron que luciera el celaje en 2021, de Mar\u00eda Su\u00e1rez en 2020 y de Sangara de Castro en 2019. Pero sobre todo queremos agradecer a todos los alumnos que se acercan al bel\u00e9n a\u00f1o tras a\u00f1o. porque al fin y al cabo, se hace para ellos.<\/p>\n","protected":false},"excerpt":{"rendered":"<p>Hace ya 10 a\u00f1os que comenzamos esta andadura con gran ilusi\u00f3n. Fue Alberto Olmo qui\u00e9n nos uni\u00f3 en esta aventura y as\u00ed, Paulino Gonz\u00e1lez y yo cogimos el guante y continuamos con este proyecto, siempre con el apoyo incondicional de &hellip; <a href=\"http:\/\/www.blogsmenesiano.com\/montamoselbelen\/historia-del-belen\/nuestrobelen\/\">Sigue leyendo <span class=\"meta-nav\">&rarr;<\/span><\/a><\/p>\n","protected":false},"author":74,"featured_media":0,"parent":95,"menu_order":0,"comment_status":"closed","ping_status":"closed","template":"showcase.php","meta":[],"_links":{"self":[{"href":"http:\/\/www.blogsmenesiano.com\/montamoselbelen\/wp-json\/wp\/v2\/pages\/404"}],"collection":[{"href":"http:\/\/www.blogsmenesiano.com\/montamoselbelen\/wp-json\/wp\/v2\/pages"}],"about":[{"href":"http:\/\/www.blogsmenesiano.com\/montamoselbelen\/wp-json\/wp\/v2\/types\/page"}],"author":[{"embeddable":true,"href":"http:\/\/www.blogsmenesiano.com\/montamoselbelen\/wp-json\/wp\/v2\/users\/74"}],"replies":[{"embeddable":true,"href":"http:\/\/www.blogsmenesiano.com\/montamoselbelen\/wp-json\/wp\/v2\/comments?post=404"}],"version-history":[{"count":48,"href":"http:\/\/www.blogsmenesiano.com\/montamoselbelen\/wp-json\/wp\/v2\/pages\/404\/revisions"}],"predecessor-version":[{"id":992,"href":"http:\/\/www.blogsmenesiano.com\/montamoselbelen\/wp-json\/wp\/v2\/pages\/404\/revisions\/992"}],"up":[{"embeddable":true,"href":"http:\/\/www.blogsmenesiano.com\/montamoselbelen\/wp-json\/wp\/v2\/pages\/95"}],"wp:attachment":[{"href":"http:\/\/www.blogsmenesiano.com\/montamoselbelen\/wp-json\/wp\/v2\/media?parent=404"}],"curies":[{"name":"wp","href":"https:\/\/api.w.org\/{rel}","templated":true}]}}

¿Cómo se hace?

<p style="text-align: justify">Hace ya 10 años que comenzamos esta andadura con gran ilusión. Fue Alberto Olmo quién nos unió en esta aventura y así, Paulino González y yo cogimos el guante y continuamos con este proyecto, siempre con el apoyo incondicional de Olaya I. Serna, actualmente y de Ana Virosta y Mª del Mar Calzado en sus etapas como directoras del centro..</p>
<p style="text-align: left">Este año, como siempre hemos incorporados nuevas figuras, nuevas construcciones y  detalles para que cada año sea un belén diferente. Es muy gratificante que los peques y mayores estén expectantes ante la llegada de la Navidad para descubrir a sus personajes preferidos y a aquellos que no esperaban ver entre las escenas.</p>
<p>Y aunque el resultado se disfruta apenas 15 días, trabajamos en él casi un año entero. Nada más terminar, ya tenemos en nuestra cabeza como puede quedar esto puesto, aquí o allá.</p>
<p style="text-align: justify">Os contamos un poquito de como se hace:</p>
<p style="text-align: center"><img loading="lazy" class="alignnone wp-image-434 size-full" style="border: 0px" src="http://www.blogsmenesiano.com/montamoselbelen/wp-content/uploads/sites/29/2020/11/figuras.jpg" alt="" width="741" height="778" srcset="http://www.blogsmenesiano.com/montamoselbelen/wp-content/uploads/sites/29/2020/11/figuras.jpg 741w, http://www.blogsmenesiano.com/montamoselbelen/wp-content/uploads/sites/29/2020/11/figuras-286x300.jpg 286w" sizes="(max-width: 741px) 100vw, 741px" /></p>
<p><img loading="lazy" class="aligncenter wp-image-433 size-full" style="border: 0px" src="http://www.blogsmenesiano.com/montamoselbelen/wp-content/uploads/sites/29/2020/11/construcciones-y-corcho.jpg" alt="" width="708" height="807" srcset="http://www.blogsmenesiano.com/montamoselbelen/wp-content/uploads/sites/29/2020/11/construcciones-y-corcho.jpg 708w, http://www.blogsmenesiano.com/montamoselbelen/wp-content/uploads/sites/29/2020/11/construcciones-y-corcho-263x300.jpg 263w" sizes="(max-width: 708px) 100vw, 708px" /></p>
<p style="text-align: center"><img loading="lazy" class="wp-image-435 size-full aligncenter" style="border: 0px" src="http://www.blogsmenesiano.com/montamoselbelen/wp-content/uploads/sites/29/2020/11/Vegetacion.jpg" alt="" width="708" height="824" srcset="http://www.blogsmenesiano.com/montamoselbelen/wp-content/uploads/sites/29/2020/11/Vegetacion.jpg 708w, http://www.blogsmenesiano.com/montamoselbelen/wp-content/uploads/sites/29/2020/11/Vegetacion-258x300.jpg 258w" sizes="(max-width: 708px) 100vw, 708px" /></p>
<p style="text-align: center"><iframe loading="lazy" src="https://drive.google.com/file/d/1_efIPDLreIgsBPgwULK_vmSdGVTlKylU/preview" width="450" height="250"></iframe></p>
<h3 style="text-align: center"><strong>Video del montaje de 2022</strong></h3>
<h3 style="text-align: center"><strong>(MEDALLA DE PLATA EN EL XLLL CONCURSO DE NACIMIENTOS DE LA ASOCIACIÓN DE BELENISTAS DE MADRID)</strong></h3>
<p>&nbsp;</p>
<p style="text-align: center"><iframe loading="lazy" src="https://drive.google.com/file/d/1r-SV8px2YF88--UJ1r8rP_BxGX7F53sM/preview" width="450" height="250"><span data-mce-type="bookmark" style="width: 0px;overflow: hidden;line-height: 0" class="mce_SELRES_start">﻿</span></iframe></p>
<h3 style="text-align: center"><strong>Video del montaje de 2019</strong></h3>
<p>&nbsp;</p>
<p style="text-align: justify">Y aunque, no os lo creáis, también hace falta unas horitas de estudio. Cada una de las escenas están concienzudamente estudiadas, pues el belén del cole es histórico , es decir, refleja la vida como era en tiempos de Jesús. Y aunque, nos permitimos algunas licencias para que sea más atractivo a la vista, se intenta representar lo más fielmente lo que los libros sagrados y la historia nos cuentan de esa época.</p>
<p style="text-align: justify">Ya conocéis un poquito más del Belén del Colegio Menesiano.</p>
<p style="text-align: justify">El Hermano Paulino González y yo, no queremos dejar de agradecer a los que hacen posible este belén. Gracias, al Colegio, a la AMPA, a Olaya I Serna como directora, a los Hermanos que confían en nuestro criterio, a Formación para el Empleo que todos los años nos proporcionan del musgo y a los colaboradores de los montajes. Colaboradores de 2025: Ramona García, por su aportación en la recogida de la arena y a sus ideas para su conservación, Ricardo García,  que, aunque ya está jubilado, no ha fallado a su cita para el transporte de los materiales más pesados. Mónica Fossoul y familia que han viajado con una saca de corcho bornizo más de 600 kilómetros para que tuviéramos corcho suficiente para subir un poquito más alto las montañas. Colaboradores de 2024: Edesio Gutiérrez (transporte de arena y materiales pesados) Mónica Fossoul, y Gema Calderón (pictogramas para accesibilidad del Belén para el aula de las mariposas y koalas), Isabel Martínez (que nos consiguió los palés, tan importantes, que sin ellos no hubiera sido posible montar el belén este año) e Inés Sánchez(préstamo de figuras para realizar moldes y así conseguir figuras nuevas). Colaboradores de 2023: Daniel Martín(montaje), Daniel Pardo(montaje), Inés Sánchez(resina), Lola Balseiro y Ramona García (río y agua), Tamara Gavilanes(Celaje), Edesio Gutiérrez (Bomba de agua), Alberto Pardo(montaje), Anabel López(montaje). Colaboraciones de otros años, Gloria (ONCE) que nos facilitó los carteles en braille y a los padres que hicieron que luciera el celaje en 2021, de María Suárez en 2020 y de Sangara de Castro en 2019. Pero sobre todo queremos agradecer a todos los alumnos que se acercan al belén año tras año. porque al fin y al cabo, se hace para ellos.</p>

<p>Hace ya 10 años que comenzamos esta andadura con gran ilusión. Fue Alberto Olmo quién nos unió en esta aventura y así, Paulino González y yo cogimos el guante y continuamos con este proyecto, siempre con el apoyo incondicional de &hellip; <a href="http://www.blogsmenesiano.com/montamoselbelen/historia-del-belen/nuestrobelen/">Sigue leyendo <span class="meta-nav">&rarr;</span></a></p>
