{"id":818,"date":"2022-12-11T17:23:14","date_gmt":"2022-12-11T17:23:14","guid":{"rendered":"http:\/\/www.blogsmenesiano.com\/montamoselbelen\/?page_id=818"},"modified":"2023-12-25T10:46:38","modified_gmt":"2023-12-25T10:46:38","slug":"noticias","status":"publish","type":"page","link":"http:\/\/www.blogsmenesiano.com\/montamoselbelen\/noticias\/","title":{"rendered":"NOTICIAS"},"content":{"rendered":"<p style=\"text-align: center\"><strong>DECLARACI\u00d3N DEL BELENISMO COMO MANIFESTACI\u00d3N REPRESENTATIVA DEL PATRIMONIO CULTURAL INMATERIAL <\/strong><\/p>\n<p style=\"text-align: center\"><strong>(Real Decreto 481\/2022, de 14 de junio)<\/strong><\/p>\n<p style=\"text-align: center\"><strong><a href=\"http:\/\/www.blogsmenesiano.com\/montamoselbelen\/wp-content\/uploads\/sites\/29\/2022\/12\/BOE-A-2022-9969.pdf\">BOE-A-2022-9969<\/a><\/strong><\/p>\n<hr \/>\n<p style=\"text-align: center\"><strong>BEL\u00c9N DEL COLEGIO NO OBTIENE PREMIO EN EL CONCURSO<\/strong><\/p>\n<p style=\"text-align: justify\">Adelant\u00e1ndose a la fecha prevista, ayer comunicaron los premios del Concurso de Nacimientos. Este a\u00f1o el jurado ha determinado que no somos merecedores de premio.<\/p>\n<p style=\"text-align: right\">24-12-23<\/p>\n<hr \/>\n<p style=\"text-align: center\"><strong>LXXXI CONCURSO DE \u00abNACIMIENTOS DE LA ASOCIACI\u00d3N DE BELENISTAS DE MADRID\u00bb<\/strong><\/p>\n<p style=\"text-align: justify\">El d\u00eda 20 de diciembre el jurado visit\u00f3 el Bel\u00e9n del Colegio. Seg\u00fan las bases del concurso la decisi\u00f3n se har\u00e1 p\u00fablica el primer martes del mes de enero de 2024.<\/p>\n<p style=\"text-align: justify\">Sea cual sea el resultado, lo m\u00e1s bonito ha sido ver como todos los alumnos del colegio han ido pasando por el Bel\u00e9n con sus villancicos, su caritas de ilusi\u00f3n y tantas risas que se o\u00edan disfrutando con cada una de las escenas.<\/p>\n<p style=\"text-align: justify\">\u00a1ESO SI QUE ES UN GRAN PREMIO!<\/p>\n<p style=\"text-align: right\">22-12-23<\/p>\n<hr \/>\n<p style=\"text-align: center\"><strong>PHOTOCALL EN LA RECEPCI\u00d3N DEL COLEGIO<\/strong><\/p>\n<p style=\"text-align: center\">VEN A DISFRUTAR Y LL\u00c9VATE UN RECUERDO HACIENDOTE UNA FOTO COMO EL REY QUE M\u00c1S TE GUSTE<\/p>\n<p style=\"text-align: right\">12-12-23<\/p>\n<hr \/>\n<p style=\"text-align: center\"><strong>ESTE A\u00d1O CELEBRAMOS EL <span style=\"color: #3366ff\">800 ANIVERSARIO DEL PRIMER BEL\u00c9N<\/span> DE LA HISTORIA<\/strong><\/p>\n<p style=\"text-align: justify\">Se cumplen 800 a\u00f1os desde que en 1223 San Francisco de As\u00eds realizara, en la ciudad de Greccio, una representaci\u00f3n viviente del nacimiento de Jes\u00fas. Fue un Bel\u00e9n viviente con la colaboraci\u00f3n de los aldeanos de la zona y una sola figura de terracota que representaba al ni\u00f1o Jes\u00fas.<\/p>\n<p style=\"text-align: right\">23-11-23<\/p>\n<hr \/>\n<p style=\"text-align: center\">Ya tenemos el resultado del LXXX CONCURSO DE \u00abNACIMIENTOS DE LA ASOCIACI\u00d3N DE BELENISTAS DE MADRID.<\/p>\n<p style=\"text-align: center\"><span style=\"color: #3366ff\"><strong>MEDALLA DE PLATA en Categor\u00eda General<\/strong><\/span><\/p>\n<p style=\"text-align: justify\">Gracias a todos los que hab\u00e9is compartido con nosotros el bel\u00e9n de cole. El Hermano Paulino, Mar Calzado y yo os agradecemos de coraz\u00f3n las muestras de cari\u00f1o y el apoyo que nos hac\u00e9is llegar en vuestras visitas.<\/p>\n<p style=\"text-align: right\">23-12-22<\/p>\n<hr \/>\n<p style=\"text-align: center\"><strong>\u00a1NOS PRESENTAMOS AL LXXX CONCURSO DE \u00abNACIMIENTOS DE LA ASOCIACI\u00d3N DE BELENISTAS DE MADRID\u00bb<\/strong><\/p>\n<p style=\"text-align: justify\">Entre los d\u00edas 21 al 23 de diciembre de 2022 vendr\u00e1n al colegio los miembros del jurado de la Asociaci\u00f3n de Belenistas de Madrid para visitar nuestro bel\u00e9n.<\/p>\n<p>Estamos orgullosos de nuestro montaje. Independientemente del resultado, esperamos que disfruten del bel\u00e9n con la misma ilusi\u00f3n con que nosotros lo montamos.<\/p>\n<p style=\"text-align: right\">1-12-22<\/p>\n<hr \/>\n<p>&nbsp;<\/p>\n<hr \/>\n","protected":false},"excerpt":{"rendered":"<p>DECLARACI\u00d3N DEL BELENISMO COMO MANIFESTACI\u00d3N REPRESENTATIVA DEL PATRIMONIO CULTURAL INMATERIAL (Real Decreto 481\/2022, de 14 de junio) BOE-A-2022-9969 BEL\u00c9N DEL COLEGIO NO OBTIENE PREMIO EN EL CONCURSO Adelant\u00e1ndose a la fecha prevista, ayer comunicaron los premios del Concurso de Nacimientos. &hellip; <a href=\"http:\/\/www.blogsmenesiano.com\/montamoselbelen\/noticias\/\">Sigue leyendo <span class=\"meta-nav\">&rarr;<\/span><\/a><\/p>\n","protected":false},"author":74,"featured_media":0,"parent":0,"menu_order":0,"comment_status":"closed","ping_status":"closed","template":"","meta":[],"_links":{"self":[{"href":"http:\/\/www.blogsmenesiano.com\/montamoselbelen\/wp-json\/wp\/v2\/pages\/818"}],"collection":[{"href":"http:\/\/www.blogsmenesiano.com\/montamoselbelen\/wp-json\/wp\/v2\/pages"}],"about":[{"href":"http:\/\/www.blogsmenesiano.com\/montamoselbelen\/wp-json\/wp\/v2\/types\/page"}],"author":[{"embeddable":true,"href":"http:\/\/www.blogsmenesiano.com\/montamoselbelen\/wp-json\/wp\/v2\/users\/74"}],"replies":[{"embeddable":true,"href":"http:\/\/www.blogsmenesiano.com\/montamoselbelen\/wp-json\/wp\/v2\/comments?post=818"}],"version-history":[{"count":17,"href":"http:\/\/www.blogsmenesiano.com\/montamoselbelen\/wp-json\/wp\/v2\/pages\/818\/revisions"}],"predecessor-version":[{"id":918,"href":"http:\/\/www.blogsmenesiano.com\/montamoselbelen\/wp-json\/wp\/v2\/pages\/818\/revisions\/918"}],"wp:attachment":[{"href":"http:\/\/www.blogsmenesiano.com\/montamoselbelen\/wp-json\/wp\/v2\/media?parent=818"}],"curies":[{"name":"wp","href":"https:\/\/api.w.org\/{rel}","templated":true}]}}