{"id":95,"date":"2020-11-15T14:16:48","date_gmt":"2020-11-15T14:16:48","guid":{"rendered":"http:\/\/www.blogsmenesiano.com\/montamoselbelen\/?page_id=95"},"modified":"2022-11-11T11:58:23","modified_gmt":"2022-11-11T11:58:23","slug":"historia-del-belen","status":"publish","type":"page","link":"http:\/\/www.blogsmenesiano.com\/montamoselbelen\/historia-del-belen\/","title":{"rendered":"HISTORIA DEL BEL\u00c9N"},"content":{"rendered":"<h1><strong>DECLARACI\u00d3N DEL BELENISMO COMO MANIFESTACI\u00d3N REPRESENTATIVA DEL PATRIMONIO CULTURAL INMATERIAL (Real Decreto 481\/2022, de 14 de junio)<\/strong><\/h1>\n<p style=\"text-align: center\"><span style=\"color: #3366ff\"><strong>\u00a0\u00bfQUI\u00c9N PUSO EL PRIMER NACIMIENTO EN EL MUNDO?<\/strong><\/span><\/p>\n<p dir=\"style=\" style=\"text-align: justify\"><img loading=\"lazy\" class=\"wp-image-411 alignleft\" style=\"border-radius: 50%;border: 0px\" src=\"http:\/\/www.blogsmenesiano.com\/montamoselbelen\/wp-content\/uploads\/sites\/29\/2020\/11\/San-Francisco-de-Asis-234x300.jpg\" alt=\"\" width=\"206\" height=\"261\" \/>En la Edad Media, en 1223, en el pueblo de Greccio (Italia) se realiz\u00f3 por primera vez la representaci\u00f3n de la escena del nacimiento de Jes\u00fas con figuras, utilizando un pesebre vac\u00edo y animales a su alrededor.<\/p>\n<p dir=\"ltr\" style=\"text-align: justify\">Fue, el franciscano San Francisco de As\u00eds, junto con\u00a0 Juan de Greccio, due\u00f1o de estas tierras, los que realizaron el primer bel\u00e9n. Lo realizaron para que las gentes del lugar, que eran analfabetas, pudieran entender mejor el misterio de la natividad.<\/p>\n<p dir=\"ltr\" style=\"text-align: justify\">Desde entonces, en todos los hogares cristianos es tradici\u00f3n colocar el nacimiento para conmemorar la fecha del nacimiento de Jes\u00fas.<\/p>\n<p dir=\"ltr\" style=\"text-align: justify\">El Rey Carlos III introdujo el Bel\u00e9n en Espa\u00f1a, siguiendo la tradici\u00f3n de N\u00e1poles. Actualmente este bel\u00e9n se puede ver en el Palacio Real de Madrid, es el llamado \u00abBel\u00e9n del Pr\u00edncipe\u00bb<\/p>\n<p dir=\"ltr\" style=\"text-align: justify\">Grandes escultores han sido reconocidos por la creaci\u00f3n de figuras para belenes, como el murciano Francisco Salzillo\u00a0 en el siglo XVIII.<\/p>\n<p dir=\"ltr\" style=\"text-align: justify\">En el siglo XX\u00a0 Olot, Castell, Almansa, Gri\u00f1\u00e1n, Miranda y Jim\u00e9nez o Pazos eran nombres de prestigio en el figurinismo belenista. Muchos de estos artistas han hecho escuela pudi\u00e9ndose encontrar todav\u00eda sus creaciones.<\/p>\n<p dir=\"ltr\" style=\"text-align: justify\">Actualmente, las figuras de Monserrat Ribes est\u00e1n entre lo m\u00e1s destacado, tanto por su ternura, como por sus posiciones naturales. Aunque, si vives en Madrid, tienes que conocer al m\u00e1s ilustre de nuestros artesanos imagineros, D. Jos\u00e9 Luis Mayo Lebrija, cuyas figuras, con gran sentimiento espiritual, componen el bel\u00e9n propiedad del Ayuntamiento de Madrid, y que todos los a\u00f1os se muestra para dar m\u00e1s brillo a nuestra ciudad.<\/p>\n<p dir=\"ltr\" style=\"text-align: justify\">A pesar, de los a\u00f1os que han pasado, es ahora, cuando la figura de San Francisco se hace a\u00fan m\u00e1s importante en nuestras vidas, ya que el Estado Espa\u00f1ol ha declarado el belenismo como Manifestaci\u00f3n Representativa del Patrimonio Cultural Inmaterial, y qui\u00e9n sabe si en unos a\u00f1os esta declaraci\u00f3n se hace extensiva a toda la Humanidad.<\/p>\n<hr \/>\n<p dir=\"ltr\" style=\"color: #3366ff;text-align: center\"><strong>BELENISTAS POR EL MUNDO<\/strong><\/p>\n<h3 style=\"text-align: center\">Toca en el mapa para ver como son los belenes en otros paises<a href=\"https:\/\/view.genial.ly\/5fbe7deb1670610d0dfcf5df\/interactive-content-belenistas-por-el-mundo\"><img loading=\"lazy\" class=\"alignnone size-medium wp-image-558 aligncenter\" style=\"border: 0px\" src=\"http:\/\/www.blogsmenesiano.com\/montamoselbelen\/wp-content\/uploads\/sites\/29\/2020\/12\/Belenistas-por-el-mundo-300x169.jpg\" alt=\"\" width=\"300\" height=\"169\" srcset=\"http:\/\/www.blogsmenesiano.com\/montamoselbelen\/wp-content\/uploads\/sites\/29\/2020\/12\/Belenistas-por-el-mundo-300x169.jpg 300w, http:\/\/www.blogsmenesiano.com\/montamoselbelen\/wp-content\/uploads\/sites\/29\/2020\/12\/Belenistas-por-el-mundo-768x433.jpg 768w, http:\/\/www.blogsmenesiano.com\/montamoselbelen\/wp-content\/uploads\/sites\/29\/2020\/12\/Belenistas-por-el-mundo-500x282.jpg 500w, http:\/\/www.blogsmenesiano.com\/montamoselbelen\/wp-content\/uploads\/sites\/29\/2020\/12\/Belenistas-por-el-mundo.jpg 987w\" sizes=\"(max-width: 300px) 100vw, 300px\" \/><\/a><\/h3>\n","protected":false},"excerpt":{"rendered":"<p>DECLARACI\u00d3N DEL BELENISMO COMO MANIFESTACI\u00d3N REPRESENTATIVA DEL PATRIMONIO CULTURAL INMATERIAL (Real Decreto 481\/2022, de 14 de junio) \u00a0\u00bfQUI\u00c9N PUSO EL PRIMER NACIMIENTO EN EL MUNDO? En la Edad Media, en 1223, en el pueblo de Greccio (Italia) se realiz\u00f3 por &hellip; <a href=\"http:\/\/www.blogsmenesiano.com\/montamoselbelen\/historia-del-belen\/\">Sigue leyendo <span class=\"meta-nav\">&rarr;<\/span><\/a><\/p>\n","protected":false},"author":74,"featured_media":0,"parent":0,"menu_order":0,"comment_status":"closed","ping_status":"closed","template":"showcase.php","meta":[],"_links":{"self":[{"href":"http:\/\/www.blogsmenesiano.com\/montamoselbelen\/wp-json\/wp\/v2\/pages\/95"}],"collection":[{"href":"http:\/\/www.blogsmenesiano.com\/montamoselbelen\/wp-json\/wp\/v2\/pages"}],"about":[{"href":"http:\/\/www.blogsmenesiano.com\/montamoselbelen\/wp-json\/wp\/v2\/types\/page"}],"author":[{"embeddable":true,"href":"http:\/\/www.blogsmenesiano.com\/montamoselbelen\/wp-json\/wp\/v2\/users\/74"}],"replies":[{"embeddable":true,"href":"http:\/\/www.blogsmenesiano.com\/montamoselbelen\/wp-json\/wp\/v2\/comments?post=95"}],"version-history":[{"count":21,"href":"http:\/\/www.blogsmenesiano.com\/montamoselbelen\/wp-json\/wp\/v2\/pages\/95\/revisions"}],"predecessor-version":[{"id":766,"href":"http:\/\/www.blogsmenesiano.com\/montamoselbelen\/wp-json\/wp\/v2\/pages\/95\/revisions\/766"}],"wp:attachment":[{"href":"http:\/\/www.blogsmenesiano.com\/montamoselbelen\/wp-json\/wp\/v2\/media?parent=95"}],"curies":[{"name":"wp","href":"https:\/\/api.w.org\/{rel}","templated":true}]}}

HISTORIA DEL BELÉN

<h1><strong>DECLARACIÓN DEL BELENISMO COMO MANIFESTACIÓN REPRESENTATIVA DEL PATRIMONIO CULTURAL INMATERIAL (Real Decreto 481/2022, de 14 de junio)</strong></h1>
<p style="text-align: center"><span style="color: #3366ff"><strong> ¿QUIÉN PUSO EL PRIMER NACIMIENTO EN EL MUNDO?</strong></span></p>
<p dir="style=" style="text-align: justify"><img loading="lazy" class="wp-image-411 alignleft" style="border-radius: 50%;border: 0px" src="http://www.blogsmenesiano.com/montamoselbelen/wp-content/uploads/sites/29/2020/11/San-Francisco-de-Asis-234x300.jpg" alt="" width="206" height="261" />En la Edad Media, en 1223, en el pueblo de Greccio (Italia) se realizó por primera vez la representación de la escena del nacimiento de Jesús con figuras, utilizando un pesebre vacío y animales a su alrededor.</p>
<p dir="ltr" style="text-align: justify">Fue, el franciscano San Francisco de Asís, junto con  Juan de Greccio, dueño de estas tierras, los que realizaron el primer belén. Lo realizaron para que las gentes del lugar, que eran analfabetas, pudieran entender mejor el misterio de la natividad.</p>
<p dir="ltr" style="text-align: justify">Desde entonces, en todos los hogares cristianos es tradición colocar el nacimiento para conmemorar la fecha del nacimiento de Jesús.</p>
<p dir="ltr" style="text-align: justify">El Rey Carlos III introdujo el Belén en España, siguiendo la tradición de Nápoles. Actualmente este belén se puede ver en el Palacio Real de Madrid, es el llamado «Belén del Príncipe»</p>
<p dir="ltr" style="text-align: justify">Grandes escultores han sido reconocidos por la creación de figuras para belenes, como el murciano Francisco Salzillo  en el siglo XVIII.</p>
<p dir="ltr" style="text-align: justify">En el siglo XX  Olot, Castell, Almansa, Griñán, Miranda y Jiménez o Pazos eran nombres de prestigio en el figurinismo belenista. Muchos de estos artistas han hecho escuela pudiéndose encontrar todavía sus creaciones.</p>
<p dir="ltr" style="text-align: justify">Actualmente, las figuras de Monserrat Ribes están entre lo más destacado, tanto por su ternura, como por sus posiciones naturales. Aunque, si vives en Madrid, tienes que conocer al más ilustre de nuestros artesanos imagineros, D. José Luis Mayo Lebrija, cuyas figuras, con gran sentimiento espiritual, componen el belén propiedad del Ayuntamiento de Madrid, y que todos los años se muestra para dar más brillo a nuestra ciudad.</p>
<p dir="ltr" style="text-align: justify">A pesar, de los años que han pasado, es ahora, cuando la figura de San Francisco se hace aún más importante en nuestras vidas, ya que el Estado Español ha declarado el belenismo como Manifestación Representativa del Patrimonio Cultural Inmaterial, y quién sabe si en unos años esta declaración se hace extensiva a toda la Humanidad.</p>
<hr />
<p dir="ltr" style="color: #3366ff;text-align: center"><strong>BELENISTAS POR EL MUNDO</strong></p>
<h3 style="text-align: center">Toca en el mapa para ver como son los belenes en otros paises<a href="https://view.genial.ly/5fbe7deb1670610d0dfcf5df/interactive-content-belenistas-por-el-mundo"><img loading="lazy" class="alignnone size-medium wp-image-558 aligncenter" style="border: 0px" src="http://www.blogsmenesiano.com/montamoselbelen/wp-content/uploads/sites/29/2020/12/Belenistas-por-el-mundo-300x169.jpg" alt="" width="300" height="169" srcset="http://www.blogsmenesiano.com/montamoselbelen/wp-content/uploads/sites/29/2020/12/Belenistas-por-el-mundo-300x169.jpg 300w, http://www.blogsmenesiano.com/montamoselbelen/wp-content/uploads/sites/29/2020/12/Belenistas-por-el-mundo-768x433.jpg 768w, http://www.blogsmenesiano.com/montamoselbelen/wp-content/uploads/sites/29/2020/12/Belenistas-por-el-mundo-500x282.jpg 500w, http://www.blogsmenesiano.com/montamoselbelen/wp-content/uploads/sites/29/2020/12/Belenistas-por-el-mundo.jpg 987w" sizes="(max-width: 300px) 100vw, 300px" /></a></h3>

<p>DECLARACIÓN DEL BELENISMO COMO MANIFESTACIÓN REPRESENTATIVA DEL PATRIMONIO CULTURAL INMATERIAL (Real Decreto 481/2022, de 14 de junio)  ¿QUIÉN PUSO EL PRIMER NACIMIENTO EN EL MUNDO? En la Edad Media, en 1223, en el pueblo de Greccio (Italia) se realizó por &hellip; <a href="http://www.blogsmenesiano.com/montamoselbelen/historia-del-belen/">Sigue leyendo <span class="meta-nav">&rarr;</span></a></p>
